m) = m**2 + 3*m + 4. Let t be j(-3). Let k = 41 + -19. Let a(w) = -5 + 1 + 0*w - 23*w**2 + k*w**2 + 3*w. Determine a(t).
-8
Suppose -24*m = -22*m - 14. Let d(k) = -k**3 + 8*k**2 - 6*k - 8. What is d(m)?
-1
Let j = 87 - 90. Let o = -2 + j. Let a(f) = f**3 + 6*f**2 + 7*f + 5. Calculate a(o).
-5
Let w(g) be the third derivative of g**4/12 - 13*g**3/6 - 5*g**2 + 3. Give w(6).
-1
Let i(k) = 12*k - 2. Let z(t) = -t + 1. Let h(q) = i(q) + 5*z(q). Let d(b) = 13*b + 7. Let v(w) = -2*d(w) + 5*h(w). Calculate v(-1).
-8
Let z(y) be the third derivative of -y**6/120 - 7*y**5/60 - y**4/24 - y**3 - 1755*y**2. Suppose 3*o + o + 28 = 0. Determine z(o).
1
Let b(p) = -6*p + 4. Let n(d) = d - 1. Let c(f) = b(f) + 2*n(f). Give c(1).
-2
Let o(y) = -y - 13. Let x be o(-12). Let j(c) = 3*c**3 + c**2 + 3*c + 2. What is j(x)?
-3
Let i(u) = -2*u**2 + 3*u + 3*u**2 + 3*u + 2. Suppose y - 4*p + 22 = 0, 7*p = 3*y + 3*p + 34. What is i(y)?
2
Let x(y) = -y + 3. Suppose 3 = 22*o - 21*o. Suppose 8 = -2*v, -o*g - 3*v = -7*g. What is x(g)?
6
Let g(t) = t**3 - 8*t - 12. Suppose -11*o - 96 = 37*o. Give g(o).
-4
Let t(i) = -4*i**2 - 5 + 16 + i**3 - 4 - 4*i. Give t(4).
-9
Suppose -2*m - 20 = -4*p, -2*p + 19 + 7 = -5*m. Let g(w) = 6 - 4*w**2 + p*w**2 + 7 - 10*w + 1. Determine g(-11).
3
Let v(p) = -p**2 + p - 10. Let k be 66/14 - (-4)/14. Suppose 0 = -7*s + k*s. Suppose s = 3*r + m + 3, -m = -0*r + 2*r + 3. Determine v(r).
-10
Let n(u) = -u + 15. Let k be n(12). Let a(d) = 0 + 9 - k*d + 4*d. Calculate a(-7).
2
Let v(i) be the second derivative of -1/2*i**4 + 1/20*i**5 + 0 - 5/2*i**2 + 1/6*i**3 - 33*i. Determine v(6).
1
Let z(k) = k**3 - 11*k**2 + 10*k - 7. Let m = -26 - -14. Let s = m + 17. Let d(p) = p**2 - 2*p - 5. Let f be d(s). Calculate z(f).
-7
Let z(f) = 2*f**2 + 15*f - 12. Let t be z(-8). Let i be t/10 - (-160)/25. Let v(d) = d**2 - 7*d - 8. Determine v(i).
-14
Let c(j) = -j**2 - 4*j - 5. Let h(u) = -2*u + 1 - 6*u**2 - 5*u - 5*u**2 + 12*u**2. Suppose -3*f + 6 = -4*b - 16, 0 = -4*f - 2*b + 22. Let n be h(f). Give c(n).
-10
Let q = 3 + 4. Let j(a) = -q*a**3 + 2*a + 5*a**2 + 2*a + 2*a + 6*a**3. Let z be j(6). Let c(x) = x**2 + x + 5. Determine c(z).
5
Let y(s) = s**2 + 3*s - 4. Let x(i) = -i. Let d be x(4). Let k be y(d). Let z(b) = -b - 5. Determine z(k).
-5
Let q(m) = m**2 + 2*m - 7. Let u be q(-3). Let r(g) = g**3 + 4*g**2 - 4*g - 1. Calculate r(u).
15
Let w(y) = -y**3 + 22*y**2 + 24*y - 34. Suppose 78*s + 40 = 1834. Calculate w(s).
-11
Let m(s) be the second derivative of -s**6/120 + s**5/6 - s**4/3 - s**3/2 - 10*s**2 + 7*s. Let b(f) be the first derivative of m(f). Give b(9).
6
Let z(b) be the first derivative of 16 - 3*b - 1/3*b**3 + b**2. Determine z(4).
-11
Let y(c) be the second derivative of c**6/720 + c**5/30 + 11*c**4/12 + 3*c. Let l(r) be the third derivative of y(r). Suppose -2*s - 4 = 2. Calculate l(s).
1
Let u = 0 - -2. Let f(l) = -4*l**2 + u*l**3 - 8*l + 2*l + 12*l - 3*l**3. Let g be (-1)/(1/5*1). Calculate f(g).
-5
Let m = 1239 + -1236. Let a(u) be the second derivative of m*u**2 + 1/6*u**4 + 0 + 4*u - 5/6*u**3. Determine a(4).
18
Let j(i) = 24*i**2 + 3 - 5 + 3. Let k be j(1). Suppose -7*x + k = -2*x. Let l(p) = p**3 - 4*p**2 - p - 6. Calculate l(x).
14
Let p = -780 + 786. Let l(r) = -r**3 + 6*r**2 - 10*r + 8. Determine l(p).
-52
Let h(d) be the second derivative of d**8/6720 + d**7/420 - 7*d**6/720 + 7*d**5/120 + 29*d**4/12 + 9*d. Let n(v) be the third derivative of h(v). Give n(-7).
7
Let y(g) = -15*g**3 + 17*g**2. Let b(w) = 5*w**3 - 6*w**2. Let l(x) = -17*b(x) - 6*y(x). Determine l(1).
5
Let l(o) = -o**3 + o**2 - o + 8. Let n = -15 + 2. Let x = 16 + n. Suppose -2*r + 2*g + 5 = g, 15 = -4*r - x*g. Give l(r).
8
Let h(q) = q**2 - 2*q + 4. Let x(l) = -4*l**2 + 4*l - 7. Let d(f) = -2*h(f) - x(f). Let p(c) = c**2 - 7*c + 4. Let j be p(6). Determine d(j).
7
Let s(p) = 3*p**2 - 6*p - 5. Let u(w) = w**2 - w - 4. Let o(n) = -s(n) + 2*u(n). What is o(0)?
-3
Let n(o) = 171*o - 9. Let x(i) = -142*i + 9. Let h(d) = -5*n(d) - 6*x(d). Let y = -1 - 5. What is h(y)?
9
Suppose 0 = 2*w - 6 - 14. Let z = 16 - w. Suppose -3*d + z + 12 = 0. Let x(p) = 2*p - 4. Give x(d).
8
Let p(z) = z**2 - 10*z + 10. Let h(j) = -j**2 - 12*j + 22. Let v be h(-9). Suppose 19*t = 12*t + v. Determine p(t).
-11
Let m be (-4)/(-20) + (-372)/(-15). Suppose m*s = 23*s + 2. Let o(c) = 2*c**2 + 2 - c - 2. Calculate o(s).
1
Let k = 122 - 126. Let c(d) = -2*d**2 - 5*d - 4. Calculate c(k).
-16
Let w(m) be the first derivative of -4*m**3/3 - 11*m**2 - 10*m - 40. Let r(a) = -a**2 - 7*a - 3. Let o(f) = -7*r(f) + 2*w(f). What is o(5)?
1
Let j(t) = 4*t**2 - 43*t - 6. Let q be j(11). Let f(y) = -y**3 + 2*y**2 + 3*y + 6. Calculate f(q).
-54
Let f(b) = b**3 + 4*b + 4. Let l(w) = -3*w**3 - 9*w - 9. Let m(h) = 9*f(h) + 4*l(h). Suppose -5*v = -9 + 49. Let o be (v/(-20))/((-4)/(-10)). What is m(o)?
-3
Suppose -1 = -m + g, m + 2*g = 8 - 10. Let t(a) = 2*a + 7. Determine t(m).
7
Let o(x) = -2*x - 47. Let i(w) = -3*w - 60. Let l(n) = -3*i(n) + 4*o(n). Calculate l(-9).
-17
Let a(o) = -9*o**2 - o - 4. Let x(j) = 25*j**2 + 2*j + 12. Let w(f) = 11*a(f) + 4*x(f). Give w(3).
4
Let s(d) be the first derivative of -d**4/4 - 5*d**3/3 - d**2/2 + d + 2. Let z(p) = -6*p - 4. Let r be z(0). Calculate s(r).
-11
Let k be (1/(-10)*8)/(6/795). Let s = k + 109. Let l(p) = -p**2 + 3*p - 4. What is l(s)?
-4
Let b(c) = 0*c - 5*c - 4 - 13 - 2 + 7*c. Give b(9).
-1
Suppose 2 - 7 = -k. Let h(s) = 6*s + k*s**2 + 4 - 5*s + 4*s - 4*s**2. What is h(-4)?
0
Suppose 4*u + u = z - 44, z = -2*u + 30. Let o(s) = -61 + 33 + z - s. What is o(7)?
-1
Let p be 7 + 9/(-1) + (0 - -5). Let o(q) = 0*q + p*q + 617 - 613. What is o(-3)?
-5
Suppose -3*z = k + 9, -167*z = -163*z + 4*k + 4. Let g(n) = -7 - 5*n + n + 2 - 2*n**2. Determine g(z).
-21
Let n be 1/6 + (-549)/54. Let c(q) be the third derivative of q**6/120 + q**5/6 + 7*q**3/6 - 16*q**2. Determine c(n).
7
Let j(g) = g**2 - g. Let a(m) = m**3 - 2*m**2 - m - 4. Let x(p) = a(p) - 4*j(p). Calculate x(6).
14
Let q(v) = 17*v - 6. Let h(n) = -14*n + 7. Let w(g) = -4*h(g) - 3*q(g). Calculate w(3).
5
Suppose 195*f + 17 = 212*f. Let q(l) = 15*l**3 + 2*l - 2. Calculate q(f).
15
Let m(r) = 14*r**2 + 2 - 15*r**2 + 11 - 7*r. Let q be m(-9). Let k(f) = 3*f + 6. Let h(w) = w + 2. Let s(d) = -7*h(d) + 2*k(d). Give s(q).
3
Let h(n) = n**3 + 4*n**2 - 7*n - 4. Suppose 11*u + 3*l = 12*u + 5, 0 = -4*l. What is h(u)?
6
Let q(g) = g**3 + g**2 + g - 14. Suppose 2*u - 38 - 16 = 0. Suppose 45 = u*p - 24*p. Let b be (-3)/p + 2/10. Calculate q(b).
-14
Let i(b) be the second derivative of b**5/10 - b**4/12 - b**3/6 - b**2 + 3*b - 2. What is i(2)?
8
Let v be 2 + -1 - (-24)/(-2). Let x(y) = -11*y - 1189 + 2292 - y**2 - 1105. Determine x(v).
-2
Suppose 13 = 2*a + c, 3*a - 17 = -3*c + 2*c. Let f(r) = r**3 - r. Let t(d) = -d**3 - 4*d**2 + 5*d + 2. Let l(q) = -2*f(q) - t(q). Give l(a).
-14
Let x(t) = t**2 - 5*t + 1. Suppose -6*n + 20 = -3*h - n, -2*h = 4*n - 16. Suppose 3*b = -3*f + 6, 3*b + b - f + 2 = h. Suppose b = z - 2*z + 5. What is x(z)?
1
Let q = 27 + -25. Suppose 2*z + q*x - x = -11, 3*z + 2*x + 17 = 0. Let y(k) = k**3 + 4*k**2 - 7*k - 4. Determine y(z).
6
Let y(d) = -57 + 11 + 0*d + 22 - 2*d + 14. Calculate y(-7).
4
Let r(w) be the third derivative of -8*w**2 + 0 + 0*w + 0*w**3 - 1/24*w**4. Suppose -m + 18 = 2*m. Calculate r(m).
-6
Suppose 0 = -2*r + 19*r - 68. Let c(y) be the first derivative of -1/4*y**4 + 0*y**2 + 4/3*y**3 - r*y + 5. Give c(4).
-4
Let v(p) = -9 + 9*p**3 + 2*p**2 - 8*p**3 - 7*p**2 - 7*p. What is v(7)?
40
Let q be (3 - 2)/(2/(-10)). Let c(m) be the first derivative of m**2/2 - 5*m + 308. Determine c(q).
-10
Suppose -24 = 4*g - 4*w, -g - 5*w = 3 + 3. Let z(o) = o**2 + 8*o - 4. Determine z(g).
-16
Let z(y) = -5*y**3 - 29*y**2 - 29*y + 33. Let k(q) = -q**3 - 6*q**2 - 6*q + 6. Let u(b) = 11*k(b) - 2*z(b). Determine u(-6).
-24
Let g(q) be the first derivative of -q**4/8 + 29*q**2/2 - 15. Let s(v) be the second derivative of g(v). Let f = -7 - -5. What is s(f)?
6
Suppose -4*t = -4, -2*c + 5*t - 32 = c. Let b(p) = 12*p + 136. Let a(g) = -14*g - 161. Let f(s) = -5*a(s) - 6*b(s). What is f(c)?
7
Let z = -5 + 10. Let i(p) = -2*p + z - 2*p - p + 3*p. Calculate i(5).
-5
Let w(t) = -t**2 - 4*t + 3. Let n be w(-4). Let h(k) = k**